hat is the tens digit of 2/6*68448/92?
4
Let j = 32 + -27. Suppose 2*s + 0*r - 178 = 5*r, 0 = s - j*r - 79. What is the units digit of s?
9
Suppose -5*n + 3246 = i, 0 = -5*n + 5*i + 915 + 2355. What is the hundreds digit of n?
6
Suppose -20 = -123*i + 122*i. Suppose -2*f = -z + 12, 27 = 4*z - 0*f - f. Suppose z*n = 4*n + i. What is the tens digit of n?
1
Let y(m) = m**2 - 8*m - 11. Let h be y(10). Suppose h*c - 6*c = 285. What is the tens digit of c?
9
Suppose 2*w + 7988 = 4*u, 1998 = -44*u + 45*u - w. What is the hundreds digit of u?
9
Let c be (4 + -6)/((-2)/4). Suppose -p - 3*n = -0*n - 9, 86 = c*p + 2*n. What is the units digit of 111*(p/(-9) + 3)?
7
What is the units digit of 635/254*2192/10?
8
Let r be 5/(-20) + 61/4. Suppose 0 = 2*x - r - 3. Suppose 0 = t - 2*s - x, -3*s = 5*t - 97. What is the tens digit of t?
1
Let f = -355 - -822. What is the tens digit of f?
6
Let b be (1/(-3))/(-1) - (-989)/3. Suppose -3*g - 163 = -2*w - 16, 5*w + 5*g = b. What is the units digit of w?
9
Suppose 22*p + 1224 = 24*p. What is the tens digit of p?
1
Suppose -20*g + 16*g - 1076 = 0. Let k = -185 - g. Suppose -5*s + 0*f + 105 = -3*f, -k = -4*s - f. What is the units digit of s?
1
Let c(s) = 2*s**2 + 7*s + 10. Suppose -6*f - 21 = -3*f. Let r be c(f). Let u = r - 12. What is the units digit of u?
7
Let x be (-1)/(-3) - (-550)/33. What is the hundreds digit of x/(-30)*-238 - 82/(-615)?
1
Let x = 3069 + -416. What is the thousands digit of x?
2
Let k(b) = -b**3 - 5*b**2 + 3*b - 193. What is the units digit of k(-13)?
0
Let h be (-1278)/63 + -4*(-1)/14. What is the hundreds digit of (-7581)/(-35) + 12/h?
2
Let g = 30 - 27. Suppose -70 + 568 = g*z. What is the tens digit of z?
6
Suppose -y + 3*q - 4 - 12 = 0, -q = -2*y - 27. What is the hundreds digit of (-6)/(-4)*((-16692)/18)/y?
1
Suppose 3*d = -h + 5 + 92, h - 2*d = 112. What is the units digit of h?
6
What is the tens digit of (5844/(-48))/((-79)/(-16) + -5)?
4
Let v = 23 - 25. What is the units digit of 48 + -3*(v - -1)?
1
Let a be 4/34 - (-128)/68. What is the tens digit of (0 + -3 + 208/a)*1?
0
Suppose -5*a + 9*a = 272. Suppose 0 = -m + a - 17. What is the units digit of m?
1
Suppose 0 = -a - 3*f - 21, -4*f + 2*f - 6 = 0. Let q be ((-16)/a)/(3/9). Suppose 0 = 3*s + 2*z - 23, -2 = 3*s - q*s + 5*z. What is the units digit of s?
7
Let z(j) be the second derivative of -j**3/6 - 2*j**2 + 4*j. Let s be z(-4). Suppose l = -4*q + 32, 0 = -s*q + 2*q + 5*l - 34. What is the units digit of q?
7
Let l(n) = 139*n - 24. What is the hundreds digit of l(6)?
8
Suppose -4*n + 730 = 3*v, 0*n - 736 = -3*v - n. Suppose -z + v = 5*z. What is the units digit of z?
1
Suppose 0 = 7*a - 334 - 800. What is the tens digit of a?
6
Let l(d) = -9*d + 21*d + 3 - 10*d. What is the tens digit of l(10)?
2
Suppose -5*u + 593 = -72. Suppose 5*f - 20 = f. Suppose 0*n = -4*n - 5*v + u, -5 = -f*v. What is the tens digit of n?
3
Suppose 8*b = -5*b + 1534. What is the tens digit of b?
1
Suppose 5*s + d = 41, 4*s + 3*d - 5*d - 30 = 0. Suppose 0 = -5*c + s*c - 108. What is the units digit of c?
6
Let v(t) = t**3 - 16*t**2 - 35*t - 50. What is the hundreds digit of v(20)?
8
Suppose 4*p + 10*z - 39 = 5*z, 5*p - 4*z - 18 = 0. What is the tens digit of (-6)/(p*(-1)/76)?
7
Suppose -3*j + 2*h = -16, -j + 0*j + 2*h + 12 = 0. Suppose -717 = -5*a + j*a. What is the tens digit of a?
3
Let k = 1527 + -808. What is the tens digit of k?
1
What is the units digit of (-3 - -213) + 10/2?
5
Let d(b) = 3*b**2 + 11*b - 2. Let f be d(-11). Suppose k = -3*k + 4*z + f, 306 = 5*k - 3*z. What is the tens digit of k?
6
Let r be (-18)/(-45) + 54/(-10). What is the units digit of r + 9 + 39 + -1?
2
Let g(l) = -3*l + 37. Let n = -2 + 2. Let z be g(n). Let q = -27 + z. What is the units digit of q?
0
Let v(n) = 4*n**3 + 10*n**2 + 10*n - 13. Let w(l) = -2*l**3 - 5*l**2 - 5*l + 6. Let q(m) = 6*v(m) + 13*w(m). What is the tens digit of q(-4)?
6
Suppose n + 14 = -0*n + 5*i, 3*i - 14 = -5*n. Let g(q) = 34*q**3. What is the units digit of g(n)?
4
Let y be 13/((3/(-1))/3). Let v = y - -17. What is the units digit of v?
4
What is the tens digit of -5 - 3*-329*(3 + 0)?
5
Let g be (-6)/15 + 12/(-20). Suppose u + 12 = -3*u. What is the units digit of (g + 6)/(u/(-15))?
5
Let v(l) be the third derivative of 11*l**4/24 + l**3/2 - 2*l**2. Suppose d + 67 = 70. What is the units digit of v(d)?
6
Let k = -60 + 64. Suppose -293 = -k*y - 29. What is the tens digit of y?
6
Suppose -5 + 8 = -3*i, f - 2*i = 24. Suppose 4*r + 4 = 2*j, -2*r - 8 = 3*r - j. Let t = f - r. What is the units digit of t?
4
Suppose i - 2*y - 224 = 360, -2*y = 4*i - 2386. What is the units digit of i?
4
What is the units digit of ((-338)/104)/((-1)/304)?
8
Let j(x) = 820*x + 38. What is the thousands digit of j(2)?
1
What is the hundreds digit of 229*(0*1/(-6) - -1)?
2
Let g = 1266 - 411. What is the tens digit of g?
5
Let b = 1072 + 46. What is the thousands digit of b?
1
Let b = -34 - -14. What is the units digit of (2 - b)/(14/21)?
3
Suppose 812*x + 17646 = 818*x. What is the tens digit of x?
4
Suppose 0*k = k - 5. Suppose 15 = -4*g - k*s, -2*s - 12 = -4*g + 2*s. Suppose 2*l = -g*l + 40. What is the tens digit of l?
2
Let z(q) = q**2 + 10*q. Let b be z(-11). Suppose -5*s + 59 = -b. What is the units digit of 1*s + (-5 - -6)?
5
Let y(f) = -1. Let n(a) = a - 13. Let r(w) = -n(w) + 6*y(w). Suppose -18 = -5*t - 78. What is the tens digit of r(t)?
1
Suppose 4*k - 2608 = -2*r + 764, 4217 = 5*k + 2*r. What is the units digit of k?
5
Suppose 480*j = 486*j - 12264. What is the units digit of j?
4
Let o = -6 - -6. Suppose -q - 3*k + 15 = o, -3*k = -q - 10 + 1. What is the units digit of q/((3 + 0)/3)?
3
Let c(x) = 11*x - 8. Let i be c(1). Suppose -i*j - 207 = -5*v + 42, -j = -5*v + 253. What is the tens digit of v?
5
Let f be (-2380)/(-25) + 1*(-1)/5. Let z = 133 - f. What is the units digit of z?
8
Let d(y) = -y**3 + 7*y**2 - 2. Let h be d(7). Let z be (-263)/h + (-1)/(-2). Suppose -3*j = 5*q - z, q - 3*q - 2*j + 52 = 0. What is the units digit of q?
7
Suppose 5*p + 5*o = 1830, -291 = -2*p + 4*o + 441. What is the tens digit of p/13 + (-24)/156?
2
Suppose r + 5*g = 3170, -3*r - 5*g = -6*r + 9570. What is the thousands digit of r?
3
Let u = -989 - -322. What is the tens digit of 8/(-28) - u/7?
9
Let r(y) = y**2 + y. Let m(w) = 6*w**2 - 5*w - 16. Let i(g) = m(g) - 2*r(g). What is the units digit of i(8)?
4
Suppose 33 = 5*w - 42. What is the units digit of -3*(1 - 365/w)?
0
Suppose z - 2 + 0 = 0. Suppose -z*q = 10*l - 5*l - 299, -l - 680 = -5*q. What is the units digit of q?
7
Let m(p) = -p**2 - 7*p + 7. Let u = -6 - 2. Let v be m(u). Let s = v - -5. What is the units digit of s?
4
Suppose 0 = -9*b + 1079 + 1864. What is the tens digit of b?
2
Let j(m) = 7*m**2 - 4*m + 3. Suppose -2*h = 15 - 19. What is the units digit of j(h)?
3
Let j(x) = -x**3 - 9*x**2 - 15*x - 4. Let c be j(-7). Let h = c - -83. What is the tens digit of h?
8
Let r(f) = 4*f**2 + 17*f - 75. What is the tens digit of r(-17)?
9
Let m be ((-19)/19)/((-2)/502). What is the units digit of m/5 - (-15)/(-75)?
0
Let d(c) = 4*c - 13. Let t be d(4). Suppose -76 + 538 = t*y. What is the hundreds digit of y?
1
Let j be 4 + -4 - 17 - -1. Let k = j + 18. Suppose n = 3*t - 33, 0 = t - k*n - 1 - 5. What is the units digit of t?
2
Let s(v) = 38*v + 434. What is the hundreds digit of s(14)?
9
Let g(r) = r**2 + 16*r - 26. Let b be g(-17). Let w = b - -123. What is the units digit of w?
4
What is the thousands digit of 7402/(-14)*(8 - 15)?
3
Let x(w) = 0 + w**2 - 5 + 0*w**2 + 3*w. Suppose 4*n + 19 = 5*h, -4*h = -1 + 5. What is the tens digit of x(n)?
1
Let r(f) = -f + 2. Let t(y) = y + 1. Let v(d) = -r(d) - 3*t(d). Let m be v(-5). Suppose 62 = 3*k - m*l, k + 0*k - 4*l = 16. What is the units digit of k?
4
Let i(b) be the second derivative of 3*b**3/2 - b**2 - 38*b. What is the units digit of i(4)?
4
Suppose -5494 = -4*x + 5*j, j = 5*j - 8. What is the hundreds digit of x?
3
Suppose -3*w - l = -944, -11*l = 5*w - 14*l - 1550. What is the units digit of w?
3
Let l(d) = -2*d**2 - 2*d - 8. Let u be l(-6). Let i(x) = -x. Let k be i(-2). What is the units digit of (u/(-6))/(k/3)?
7
Suppose 4*u = -174 + 6. Let b be u/(-15) - (-4)/20. Let y(r) = 8*r. What is the units digit of y(b)?
